111110000111 - 10000111?
-1101000000001110
In base 15, what is -20e448b - -3?
-20e4488
In base 13, what is -9 - -1c225077?
1c22506b
In base 4, what is 2010202 - 132?
2010010
In base 16, what is 3071c - 13?
30709
In base 6, what is -4 - -14133202302?
14133202254
In base 4, what is -122011 - -203213033?
203031022
In base 14, what is 1659 + -9169?
-7910
In base 7, what is -430634453 - 2?
-430634455
In base 6, what is -1 - -5325412050?
5325412045
In base 15, what is 5756aa + 18?
5756c3
In base 16, what is -d88f - -82?
-d80d
In base 12, what is -16538 - -5ba8?
-10550
In base 12, what is -38712 - 18b4?
-3a406
In base 13, what is 139959 - 1?
139958
In base 5, what is 0 + 24032021?
24032021
In base 12, what is -56a00 - 58?
-56a58
In base 5, what is 34 + 44010131?
44010220
In base 7, what is -42465541 + -3?
-42465544
In base 10, what is 4 - -1064203?
1064207
In base 12, what is -106b800 - -5?
-106b7b7
In base 8, what is -3043 - 23630?
-26673
In base 8, what is -26022252 - -4?
-26022246
In base 11, what is -1653 - -2055?
502
In base 12, what is 138 - -6760?
6898
In base 9, what is 36 + 2656652?
2656688
In base 9, what is -1 + -46833401?
-46833402
In base 3, what is 1012121212 + -12221?
1012101221
In base 15, what is 3d1 - -8c5d?
913e
In base 5, what is 41 - -212434432?
212440023
In base 6, what is -501 - -124223214?
124222313
In base 5, what is -112030302 + -31231?
-112112033
In base 10, what is 284098 + 19?
284117
In base 3, what is 12100222100 - -2201102?
12110200202
In base 9, what is -230042 + 460?
-228472
In base 12, what is 139049 - -3398?
140425
In base 6, what is -2 + 12240131542?
12240131540
In base 4, what is 3102122323123 + 12?
3102122323201
In base 5, what is -1041031013 - -41?
-1041030422
In base 7, what is 241164 - 1601?
236263
In base 14, what is 2113 - 7?
210a
In base 13, what is 2421c - -3c?
2425b
In base 2, what is -1010010011110001010 - 100011110?
-1010010100010101000
In base 7, what is 1030 - 22340?
-21310
In base 13, what is -2 - -c74173?
c74171
In base 10, what is -832 + 151606?
150774
In base 5, what is -33 - 2242414132?
-2242414220
In base 6, what is 2 + 20514440015?
20514440021
In base 9, what is -2 + 26087278?
26087276
In base 11, what is -2189955 - 1?
-2189956
In base 7, what is 33232460 - -243?
33233033
In base 2, what is 10010101101111010110100 - -10?
10010101101111010110110
In base 4, what is -20 + 20331031221?
20331031201
In base 15, what is 145 + 6cd2?
6e27
In base 8, what is 441627 + 2?
441631
In base 6, what is 3 - -11332305354?
11332305401
In base 6, what is -110253034 + -12?
-110253050
In base 4, what is 2201113 + -23?
2201030
In base 8, what is -10 - -6460242?
6460232
In base 12, what is 618629 + -7?
618622
In base 3, what is 10021000221 - 10111210?
10010112011
In base 13, what is -48ca6 + 12?
-48c94
In base 15, what is -408d6 + -5?
-408db
In base 7, what is -1065565666 - 4?
-1065566003
In base 3, what is -1110100120221202 + 11?
-1110100120221121
In base 15, what is 1 - 2218d6e0?
-2218d6de
In base 15, what is -2bed + 615?
-25d8
In base 7, what is 15 - 5561411?
-5561363
In base 8, what is 32511 - 765?
31524
In base 13, what is 9 + 5bc?
5c8
In base 13, what is -262cc76 - -8?
-262cc6b
In base 11, what is -9a29 - -12119?
31a0
In base 11, what is -29714 + -384?
-29a98
In base 8, what is -1610100 + 150?
-1607730
In base 9, what is 25336 - -130?
25466
In base 10, what is 2 - -426041?
426043
In base 8, what is 75 + -125550?
-125453
In base 7, what is -1100 + 116561?
115461
In base 10, what is 256 + 3759?
4015
In base 12, what is a2326405 + 4?
a2326409
In base 14, what is 7a8d29 - a?
7a8d1d
In base 16, what is -1193ef - -4?
-1193eb
In base 6, what is -242344 + -1212440?
-1455224
In base 12, what is 481 - -50a9?
556a
In base 2, what is -101 - 10110101010110000111?
-10110101010110001100
In base 6, what is -3 - 310453205?
-310453212
In base 7, what is 320 + 3252662?
3253312
In base 3, what is -10 - -12111122002222?
12111122002212
In base 16, what is 48547 + d?
48554
In base 16, what is 2e53 + -13c5?
1a8e
In base 8, what is 753322 + 11?
753333
In base 7, what is 35 + -10326466?
-10326431
In base 13, what is -b11138 + -57?
-b11192
In base 8, what is 4757 + -74002?
-67023
In base 14, what is 3a - 3cb69?
-3cb2d
In base 15, what is 18 - -24263?
2427b
In base 2, what is -101001111110001111001111 - -1100?
-101001111110001111000011
In base 14, what is -75d9a85 - 3?
-75d9a88
In base 8, what is -72022 - -40?
-71762
In base 4, what is 100013312132321 + -1?
100013312132320
In base 16, what is -312e + e2?
-304c
In base 9, what is 27 - -2503263?
2503301
In base 12, what is -185a + -16594?
-18232
In base 5, what is 323240 - -4310?
333100
In base 5, what is 324 - -122112242?
122113121
In base 10, what is 2 - -3513018?
3513020
In base 6, what is -5140 - 154110?
-203250
In base 16, what is -6169ca - 3?
-6169cd
In base 6, what is 53021524 + -15?
53021505
In base 4, what is -30000 - -3012121?
2322121
In base 13, what is 1b5b173 - 4?
1b5b16c
In base 6, what is 321404 - -512?
322320
In base 6, what is 0 - 53200031240?
-53200031240
In base 11, what is -173a + -7138?
-8877
In base 15, what is 316 - -6b12?
6e28
In base 13, what is -64a0 + -33657?
-39b27
In base 16, what is -5f3 + -207a7?
-20d9a
In base 12, what is -8 + 288b19?
288b11
In base 3, what is 1 - 10212202010111221?
-10212202010111220
In base 15, what is -69 - -13a620?
13a5a6
In base 11, what is 10 + 4257a9?
425809
In base 3, what is 21 + 222022101112110?
222022101112201
In base 9, what is -63081538 - 0?
-63081538
In base 15, what is -11dd5 + -433?
-12318
In base 13, what is 9 + 264524?
264530
In base 14, what is 4 + 2a8881d?
2a88823
In base 8, what is 1733 - -17515?
21450
In base 16, what is -1e4 - -54d?
369
In base 10, what is -34351378 - 1?
-34351379
In base 2, what is 101001001111100111 + 100?
101001001111101011
In base 11, what is 5175 - 10121?
-5a57
In base 10, what is -3188 - 1694?
-4882
In base 11, what is 32 - 598497?
-598465
In base 15, what is -77 + -3dc?
-464
In base 6, what is 2 - 153121403?
-153121401
In base 3, what is 21021212102 + 20?
21021212122
In base 10, what is 14172 + 2536?
16708
In base 3, what is 110211221122022 - 0?
110211221122022
In base 11, what is -278 + -752a2?
-7556a
In base 10, what is -66 - -1830?
1764
In base 14, what is -132 + a263?
a131
In base 14, what is -14870 + 31?
-1483d
In base 6, what is 34002314 - 23?
34002251
In base 2, what is 10101010 - -10111000100100011001?
10111000100111000011
In base 3, what is 1021100021212021 + -1?
1021100021212020
In base 7, what is -3 + 2356451455?
2356451452
In base 6, what is 31403222 - 1?
31403221
In base 9, what is 4817 - -181?
5108
In base 6, what is -1341142211 - 5?
-1341142220
In base 15, what is -3511 + -1e74?
-5485
In base 4, what is -113112110311323 - -10?
-113112110311313
In base 3, what is -2 - -10210102122120102?
10210102122120100
In base 4, what is -10 - 231023020?
-231023030
In base 8, what is 6 + -161545043?
-161545035
In base 3, what is -212120 + 102011210122?
102010221002
In base 16, what is 191ba2 + f?
191bb1
In base 15, what is -3e033 - -531?
-3da02
In base 2, what is -1000101 - 110100011110010010?
-110100011111010111
In base 3, what is 1011201012 + 1122211?
1020101000
In base 12, what is -2 + 11b43a7?
11b43a5
In base 5, what is 10 - -2104244114?
2104244124
In base 15, what is 16aa + -1ec?
14ad
In base 10, what is 6474936 + -1?
6474935
In base 5, what is 2 + 102332340201?
102332340203
In base 11, what is -2929160 - 0?
-2929160
In base 15, what is -8 + -1788a7?
-1788b0
In base 14, what is dd1 + 52cb?
62bc
In base 9, what is -35172 + 531?
-34541
In base 13, what is 98 + -44b45?
-44a7a
In base 5, what is 401114 + 34301?
440420
In base 15, what is -7b4c3562 + -2?
-7b4c3564
In base 5, what is -2201 + -1001013242?
-1001020443
In base 16, what is -11d4 - -14a2?
2ce
In base 8, what is -5 + 3750527?
3750522
In base 14, what is 104471 + 29?
10449a
In base 11, what is -1294965 - -2?
-1294963
In base 9, what is -652205 - -21?
-652174
In base 10, what is -4 - 1744394?
-1744398
In base 9, what is 2 + -10581864?
-10581862
In base 15, what is -89b7 - -12d2?
-76d5
In base 6, what is -12 + -1435104303?
-1435104315
In base 16, what is 1b - -6096e?
60989
In base 8, what is 1515000467 + 2?
1515000471
In base 5, what is